{"id":4713,"date":"2018-12-13T12:34:22","date_gmt":"2018-12-13T12:34:22","guid":{"rendered":"http:\/\/www.grupobilbu.es\/?page_id=4713"},"modified":"2025-02-07T13:52:09","modified_gmt":"2025-02-07T13:52:09","slug":"exposiciones","status":"publish","type":"page","link":"https:\/\/www.grupobilbu.es\/grupo-bilbu\/exposiciones\/","title":{"rendered":"Exposiciones"},"content":{"rendered":"<p>[vc_row][vc_column][vc_empty_space][\/vc_column][\/vc_row][vc_row full_width=\u00bbstretch_row_content_no_spaces\u00bb][vc_column][vc_row_inner][vc_column_inner width=\u00bb1\/3&#8243;][vc_single_image image=\u00bb5348&#8243; img_size=\u00bbfull\u00bb css_animation=\u00bbfadeInLeft\u00bb][\/vc_column_inner][vc_column_inner width=\u00bb1\/3&#8243; css=\u00bb.vc_custom_1544634432989{padding-right: 15px !important;padding-left: 15px !important;}\u00bb][vc_column_text css_animation=\u00bbfadeIn\u00bb]<\/p>\n<h4>EXPOSICI\u00d3N AMOREBIETA<\/h4>\n<p><b>AMOREBIETA<\/b><br \/>\nBarrio Boroa s\/n<br \/>\n<b>Tel.: 946 731 158<\/b><\/p>\n<p><b>Horario<\/b><br \/>\nLaborables de 9:30 a 13:45 y de 15:00 a 19:30<br \/>\nS\u00e1bados(*) abierto de 10:00 a 14:00<\/p>\n<p class=\"nota\"><strong>Horario de verano<\/strong><br \/>\nS\u00e1bados cerrado desde 15 Junio al 14 Septiembre ambos inclusive<\/p>\n<p><b>Almacenes centrales<\/b><br \/>\nLaborables de 8:00 a 13:15 y de 15:00 a 18:00<br \/>\nS\u00e1bados cerrado[\/vc_column_text][\/vc_column_inner][vc_column_inner width=\u00bb1\/3&#8243;][vc_column_text css_animation=\u00bbfadeInRight\u00bb]<iframe loading=\"lazy\" style=\"border: 0;\" src=\"https:\/\/www.google.com\/maps\/embed?pb=!1m18!1m12!1m3!1d5814.270132013681!2d-2.7528696087472406!3d43.22762775130111!2m3!1f0!2f0!3f0!3m2!1i1024!2i768!4f13.1!3m3!1m2!1s0x0%3A0xbdba0326320ca6ff!2sBilbu!5e0!3m2!1ses!2ses!4v1399633019278\" width=\"100%\" height=\"230\" frameborder=\"0\"><\/iframe><br \/>\n[\/vc_column_text][\/vc_column_inner][\/vc_row_inner][\/vc_column][\/vc_row][vc_row][vc_column][vc_empty_space][\/vc_column][\/vc_row][vc_row full_width=\u00bbstretch_row_content_no_spaces\u00bb][vc_column][vc_row_inner][vc_column_inner width=\u00bb1\/3&#8243;][vc_single_image image=\u00bb5355&#8243; img_size=\u00bbfull\u00bb css_animation=\u00bbfadeInLeft\u00bb][\/vc_column_inner][vc_column_inner width=\u00bb1\/3&#8243; css=\u00bb.vc_custom_1544634400936{padding-right: 15px !important;padding-left: 15px !important;}\u00bb][vc_column_text css_animation=\u00bbfadeIn\u00bb]<\/p>\n<h4>EXPOSICI\u00d3N BILBAO &#8211; ALAMEDA RECALDE<\/h4>\n<p><b>BILBAO<\/b><br \/>\nAlda. Recalde 39-41.<br \/>\n<b>Tel.: 944 218 625<\/b><\/p>\n<p><b>Horario<\/b><br \/>\nLaborables de 9:30 a 13:45 y de 16:00 a 19:45<br \/>\nS\u00e1bados cerrados, le atendemos en el showroom de Amorebieta<\/p>\n<p class=\"nota\"><strong>Horario de verano<\/strong><br \/>\nS\u00e1bados cerrados del 15 de junio al 14 de septiembre ambos inclusive<br \/>\nMes de agosto completo cerrado (lunes 2 de septiembre abrimos de nuevo)<\/p>\n<p>[\/vc_column_text][\/vc_column_inner][vc_column_inner width=\u00bb1\/3&#8243;][vc_column_text css_animation=\u00bbfadeInRight\u00bb]<iframe loading=\"lazy\" style=\"border: 0;\" src=\"https:\/\/www.google.com\/maps\/embed?pb=!1m18!1m12!1m3!1d5810.9191663692445!2d-2.9436525923778225!3d43.26274671631345!2m3!1f0!2f0!3f0!3m2!1i1024!2i768!4f13.1!3m3!1m2!1s0xd4e4fd7b2fc21e1%3A0xf1f82f3032e3a558!2sBilbu+-+Azulejos+y+mobiliario+para+ba%C3%B1os!5e0!3m2!1ses!2ses!4v1399632814685\" width=\"100%\" height=\"230\" frameborder=\"0\"><\/iframe>[\/vc_column_text][\/vc_column_inner][\/vc_row_inner][\/vc_column][\/vc_row][vc_row][vc_column][vc_empty_space][\/vc_column][\/vc_row][vc_row full_width=\u00bbstretch_row_content_no_spaces\u00bb][vc_column][vc_row_inner][vc_column_inner width=\u00bb1\/3&#8243;][vc_single_image image=\u00bb6397&#8243; img_size=\u00bbfull\u00bb css_animation=\u00bbfadeInLeft\u00bb][\/vc_column_inner][vc_column_inner width=\u00bb1\/3&#8243; css=\u00bb.vc_custom_1544634377047{padding-right: 15px !important;padding-left: 15px !important;}\u00bb][vc_column_text css_animation=\u00bbfadeIn\u00bb]<\/p>\n<h4>EXPOSICI\u00d3N DONOSTIA &#8211; REKALDE<\/h4>\n<p><b>DONOSTIA &#8211; SAN SEBASTI\u00c1N<\/b><br \/>\nBarrio Rekalde<br \/>\n<b>Tel. 943 373 040<\/b><\/p>\n<p><b>Horario<\/b><br \/>\nExposiciones: 9:00 a 13:00 y de 15:30 a 19:30<br \/>\nS\u00e1bados de 9:30 a 13:00<br \/>\n<!--Almac\u00e9n de 8 a 13 y de 15 a 18 de lunes a viernes. Oficina comercial de 8 a 13 y de 15:30 a 18:30.--><\/p>\n<p>Del 15 de junio al 14 de septiembre, s\u00e1bados cerrado[\/vc_column_text][\/vc_column_inner][vc_column_inner width=\u00bb1\/3&#8243;][vc_column_text css_animation=\u00bbfadeInRight\u00bb]<iframe loading=\"lazy\" style=\"border: 0;\" src=\"https:\/\/www.google.com\/maps\/embed?pb=!1m16!1m12!1m3!1d11618.611988809653!2d-2.000250600533346!3d43.27964501123578!2m3!1f0!2f0!3f0!3m2!1i1024!2i768!4f13.1!2m1!1slarogei!5e0!3m2!1ses!2ses!4v1399634271896\" width=\"100%\" height=\"230\" frameborder=\"0\"><\/iframe><br \/>\n[\/vc_column_text][\/vc_column_inner][\/vc_row_inner][\/vc_column][\/vc_row][vc_row][vc_column][vc_column_text]<\/p>\n<p>[\/vc_column_text][\/vc_column][\/vc_row][vc_row][vc_column][vc_empty_space][\/vc_column][\/vc_row][vc_row full_width=\u00bbstretch_row_content_no_spaces\u00bb][vc_column][vc_row_inner][vc_column_inner width=\u00bb1\/3&#8243;][vc_single_image image=\u00bb5450&#8243; img_size=\u00bbfull\u00bb css_animation=\u00bbfadeInLeft\u00bb][\/vc_column_inner][vc_column_inner width=\u00bb1\/3&#8243; css=\u00bb.vc_custom_1544634340559{padding-right: 15px !important;padding-left: 15px !important;}\u00bb][vc_column_text css_animation=\u00bbfadeIn\u00bb]<\/p>\n<h4>EXPOSICI\u00d3N LA RIOJA &#8211; LOGRO\u00d1O<\/h4>\n<p><b>LOGRO\u00d1O<\/b><br \/>\nAvda. Zaragoza 7.<br \/>\n<b>Tel.: 941 511 728<\/b><\/p>\n<p><b>Horario<\/b><br \/>\nDe lunes a viernes: de 09:30 a 13:30 y de 16:00 a 20:00<br \/>\nS\u00e1bados de 09:30 a 13:30<br \/>\nAlmac\u00e9n de lunes a viernes: de 08:00 a 13:00 y de 15:00 a 18:00<br \/>\nOficinas: De lunes a viernes de 08:30 a 15:30<\/p>\n<p>[\/vc_column_text][\/vc_column_inner][vc_column_inner width=\u00bb1\/3&#8243;][vc_column_text css_animation=\u00bbfadeInRight\u00bb]<iframe loading=\"lazy\" style=\"border: 0;\" src=\"https:\/\/www.google.com\/maps\/embed?pb=!1m14!1m8!1m3!1d2943.4562049115552!2d-2.4190091!3d42.460585099999996!3m2!1i1024!2i768!4f13.1!3m3!1m2!1s0xd5aab9dee9540e9%3A0x958fe841f8daf2e2!2sAv+Zaragoza!5e0!3m2!1ses!2ses!4v1400054814083\" width=\"100%\" height=\"230\" frameborder=\"0\"><\/iframe><br \/>\n[\/vc_column_text][\/vc_column_inner][\/vc_row_inner][\/vc_column][\/vc_row][vc_row][vc_column][vc_column_text]<\/p>\n<p>[\/vc_column_text][\/vc_column][\/vc_row][vc_row][vc_column][vc_empty_space][\/vc_column][\/vc_row][vc_row full_width=\u00bbstretch_row_content_no_spaces\u00bb][vc_column][vc_row_inner][vc_column_inner width=\u00bb1\/3&#8243;][vc_single_image image=\u00bb6168&#8243; img_size=\u00bbfull\u00bb css_animation=\u00bbfadeInLeft\u00bb][\/vc_column_inner][vc_column_inner width=\u00bb1\/3&#8243; css=\u00bb.vc_custom_1544634224135{padding-right: 15px !important;padding-left: 15px !important;}\u00bb][vc_column_text css_animation=\u00bbfadeIn\u00bb]<\/p>\n<h4>EXPOSICI\u00d3N NAVARRA &#8211; NO\u00c1IN<\/h4>\n<p><b>NO\u00c1IN<\/b><br \/>\nPol. Talluntxe II, s\/n<br \/>\n31110 No\u00e1in (Navarra)<br \/>\n<b>Tel.: 948 31 28 97<\/b><\/p>\n<p><b>Horario<br \/>\n<\/b><!--Lunes a Viernes: De 9:00 a 13:30 y de 15:30 a 19:30. S\u00e1bados: De 9:30 a 13:00 excepto Julio y Agosto.-->Julio y Agosto: s\u00e1bados cerrados<br \/>\nTienda 9:00-13:30 16:00-19:30<br \/>\nAlmac\u00e9n 8:00-18:00<br \/>\n<strong>San Ferm\u00edn<\/strong><br \/>\nLa tienda permanecer\u00e1 cerrada&nbsp;los d\u00edas &nbsp;6 al 14 de &nbsp;julio.<br \/>\nEl almac\u00e9n abrir\u00e1 los d\u00edas 5, 8, 9, 12, 13, 14 de 8:30-13:30.[\/vc_column_text][\/vc_column_inner][vc_column_inner width=\u00bb1\/3&#8243;][vc_column_text css_animation=\u00bbfadeInRight\u00bb]<iframe loading=\"lazy\" style=\"border: 0;\" src=\"https:\/\/www.google.com\/maps\/embed?pb=!1m14!1m8!1m3!1d11714.352920762682!2d-1.6343933!3d42.775913!3m2!1i1024!2i768!4f13.1!3m3!1m2!1s0x0%3A0xd898781d819c9796!2sCer%C3%A1micas+Navagres!5e0!3m2!1ses!2ses!4v1544633121345\" width=\"100%\" height=\"230\" frameborder=\"0\" allowfullscreen=\"allowfullscreen\"><\/iframe>[\/vc_column_text][\/vc_column_inner][\/vc_row_inner][\/vc_column][\/vc_row]<\/p>\n<!-- AddThis Advanced Settings generic via filter on the_content --><!-- AddThis Share Buttons generic via filter on the_content -->","protected":false},"excerpt":{"rendered":"<p>[vc_row][vc_column][vc_empty_space][\/vc_column][\/vc_row][vc_row full_width=\u00bbstretch_row_content_no_spaces\u00bb][vc_column][vc_row_inner][vc_column_inner width=\u00bb1\/3&#8243;][vc_single_image image=\u00bb5348&#8243; img_size=\u00bbfull\u00bb css_animation=\u00bbfadeInLeft\u00bb][\/vc_column_inner][vc_column_inner width=\u00bb1\/3&#8243; css=\u00bb.vc_custom_1544634432989{padding-right: 15px !important;padding-left: 15px !important;}\u00bb][vc_column_text css_animation=\u00bbfadeIn\u00bb] EXPOSICI\u00d3N AMOREBIETA AMOREBIETA Barrio Boroa s\/n Tel.:&#8230;<!-- AddThis Advanced Settings generic via filter on get_the_excerpt --><!-- AddThis Share Buttons generic via filter on get_the_excerpt --><\/p>\n","protected":false},"author":1,"featured_media":0,"parent":0,"menu_order":0,"comment_status":"closed","ping_status":"closed","template":"","meta":{"ngg_post_thumbnail":0},"_links":{"self":[{"href":"https:\/\/www.grupobilbu.es\/grupo-bilbu\/wp-json\/wp\/v2\/pages\/4713"}],"collection":[{"href":"https:\/\/www.grupobilbu.es\/grupo-bilbu\/wp-json\/wp\/v2\/pages"}],"about":[{"href":"https:\/\/www.grupobilbu.es\/grupo-bilbu\/wp-json\/wp\/v2\/types\/page"}],"author":[{"embeddable":true,"href":"https:\/\/www.grupobilbu.es\/grupo-bilbu\/wp-json\/wp\/v2\/users\/1"}],"replies":[{"embeddable":true,"href":"https:\/\/www.grupobilbu.es\/grupo-bilbu\/wp-json\/wp\/v2\/comments?post=4713"}],"version-history":[{"count":36,"href":"https:\/\/www.grupobilbu.es\/grupo-bilbu\/wp-json\/wp\/v2\/pages\/4713\/revisions"}],"predecessor-version":[{"id":13383,"href":"https:\/\/www.grupobilbu.es\/grupo-bilbu\/wp-json\/wp\/v2\/pages\/4713\/revisions\/13383"}],"wp:attachment":[{"href":"https:\/\/www.grupobilbu.es\/grupo-bilbu\/wp-json\/wp\/v2\/media?parent=4713"}],"curies":[{"name":"wp","href":"https:\/\/api.w.org\/{rel}","templated":true}]}}