{"id":4617,"date":"2018-12-12T16:10:08","date_gmt":"2018-12-12T16:10:08","guid":{"rendered":"http:\/\/www.grupobilbu.es\/?page_id=4617"},"modified":"2021-07-05T09:15:40","modified_gmt":"2021-07-05T09:15:40","slug":"exposicion-navarra","status":"publish","type":"page","link":"https:\/\/www.grupobilbu.es\/grupo-bilbu\/exposicion-navarra\/","title":{"rendered":"Exposici\u00f3n Navarra"},"content":{"rendered":"<p>[vc_row][vc_column][vc_empty_space][\/vc_column][\/vc_row][vc_row full_width=\u00bbstretch_row_content_no_spaces\u00bb][vc_column][vc_row_inner][vc_column_inner width=\u00bb1\/3&#8243;][vc_single_image image=\u00bb6170&#8243; img_size=\u00bbfull\u00bb css_animation=\u00bbfadeInLeft\u00bb][\/vc_column_inner][vc_column_inner width=\u00bb1\/3&#8243; css=\u00bb.vc_custom_1544634224135{padding-right: 15px !important;padding-left: 15px !important;}\u00bb][vc_column_text css_animation=\u00bbfadeIn\u00bb]<\/p>\n<h4>EXPOSICI\u00d3N NAVARRA &#8211; NO\u00c1IN<\/h4>\n<p><b>NO\u00c1IN<\/b><br \/>\nPol. Talluntxe II, s\/n<br \/>\n31110 No\u00e1in (Navarra)<br \/>\n<b>Tel.: 948 31 28 97<\/b><\/p>\n<p><b>Horario<br \/>\n<\/b><!--Lunes a Viernes: De 9:00 a 13:30 y de 15:30 a 19:30. S\u00e1bados: De 9:30 a 13:00 excepto Julio y Agosto.-->Julio y Agosto: s\u00e1bados cerrados<br \/>\nTienda 9:00-13:30 16:00-19:30<br \/>\nAlmac\u00e9n 8:00-18:00<\/p>\n<div class=\"\"><strong><span class=\"\">San Ferm\u00edn<\/span><\/strong><\/div>\n<div class=\"\"><span class=\"\">La tienda permanecer\u00e1 cerrada&nbsp;los d\u00edas &nbsp;6 al 14 de &nbsp;julio.<\/span><\/div>\n<div class=\"\"><span class=\"\">El almac\u00e9n abrir\u00e1 los d\u00edas 5, 8, 9, 12, 13, 14 de 8:30-13:30.<\/span><\/div>\n<p>[\/vc_column_text][\/vc_column_inner][vc_column_inner width=\u00bb1\/3&#8243;][vc_column_text css_animation=\u00bbfadeInRight\u00bb]<iframe loading=\"lazy\" style=\"border: 0;\" src=\"https:\/\/www.google.com\/maps\/embed?pb=!1m14!1m8!1m3!1d11714.352920762682!2d-1.6343933!3d42.775913!3m2!1i1024!2i768!4f13.1!3m3!1m2!1s0x0%3A0xd898781d819c9796!2sCer%C3%A1micas+Navagres!5e0!3m2!1ses!2ses!4v1544633121345\" allowfullscreen=\"allowfullscreen\" width=\"100%\" height=\"230\" frameborder=\"0\"><\/iframe>[\/vc_column_text][\/vc_column_inner][\/vc_row_inner][\/vc_column][\/vc_row]<\/p>\n<!-- AddThis Advanced Settings generic via filter on the_content --><!-- AddThis Share Buttons generic via filter on the_content -->","protected":false},"excerpt":{"rendered":"<p>[vc_row][vc_column][vc_empty_space][\/vc_column][\/vc_row][vc_row full_width=\u00bbstretch_row_content_no_spaces\u00bb][vc_column][vc_row_inner][vc_column_inner width=\u00bb1\/3&#8243;][vc_single_image image=\u00bb6170&#8243; img_size=\u00bbfull\u00bb css_animation=\u00bbfadeInLeft\u00bb][\/vc_column_inner][vc_column_inner width=\u00bb1\/3&#8243; css=\u00bb.vc_custom_1544634224135{padding-right: 15px !important;padding-left: 15px !important;}\u00bb][vc_column_text css_animation=\u00bbfadeIn\u00bb] EXPOSICI\u00d3N NAVARRA &#8211; NO\u00c1IN NO\u00c1IN Pol. Talluntxe&#8230;<!-- AddThis Advanced Settings generic via filter on get_the_excerpt --><!-- AddThis Share Buttons generic via filter on get_the_excerpt --><\/p>\n","protected":false},"author":1,"featured_media":0,"parent":0,"menu_order":0,"comment_status":"closed","ping_status":"closed","template":"","meta":{"ngg_post_thumbnail":0},"_links":{"self":[{"href":"https:\/\/www.grupobilbu.es\/grupo-bilbu\/wp-json\/wp\/v2\/pages\/4617"}],"collection":[{"href":"https:\/\/www.grupobilbu.es\/grupo-bilbu\/wp-json\/wp\/v2\/pages"}],"about":[{"href":"https:\/\/www.grupobilbu.es\/grupo-bilbu\/wp-json\/wp\/v2\/types\/page"}],"author":[{"embeddable":true,"href":"https:\/\/www.grupobilbu.es\/grupo-bilbu\/wp-json\/wp\/v2\/users\/1"}],"replies":[{"embeddable":true,"href":"https:\/\/www.grupobilbu.es\/grupo-bilbu\/wp-json\/wp\/v2\/comments?post=4617"}],"version-history":[{"count":13,"href":"https:\/\/www.grupobilbu.es\/grupo-bilbu\/wp-json\/wp\/v2\/pages\/4617\/revisions"}],"predecessor-version":[{"id":6663,"href":"https:\/\/www.grupobilbu.es\/grupo-bilbu\/wp-json\/wp\/v2\/pages\/4617\/revisions\/6663"}],"wp:attachment":[{"href":"https:\/\/www.grupobilbu.es\/grupo-bilbu\/wp-json\/wp\/v2\/media?parent=4617"}],"curies":[{"name":"wp","href":"https:\/\/api.w.org\/{rel}","templated":true}]}}

Exposición Navarra

<p>[vc_row][vc_column][vc_empty_space][/vc_column][/vc_row][vc_row full_width=»stretch_row_content_no_spaces»][vc_column][vc_row_inner][vc_column_inner width=»1/3&#8243;][vc_single_image image=»6170&#8243; img_size=»full» css_animation=»fadeInLeft»][/vc_column_inner][vc_column_inner width=»1/3&#8243; css=».vc_custom_1544634224135{padding-right: 15px !important;padding-left: 15px !important;}»][vc_column_text css_animation=»fadeIn»]</p>
<h4>EXPOSICIÓN NAVARRA &#8211; NOÁIN</h4>
<p><b>NOÁIN</b><br />
Pol. Talluntxe II, s/n<br />
31110 Noáin (Navarra)<br />
<b>Tel.: 948 31 28 97</b></p>
<p><b>Horario<br />
</b><!--Lunes a Viernes: De 9:00 a 13:30 y de 15:30 a 19:30. Sábados: De 9:30 a 13:00 excepto Julio y Agosto.-->Julio y Agosto: sábados cerrados<br />
Tienda 9:00-13:30 16:00-19:30<br />
Almacén 8:00-18:00</p>
<div class=""><strong><span class="">San Fermín</span></strong></div>
<div class=""><span class="">La tienda permanecerá cerrada&nbsp;los días &nbsp;6 al 14 de &nbsp;julio.</span></div>
<div class=""><span class="">El almacén abrirá los días 5, 8, 9, 12, 13, 14 de 8:30-13:30.</span></div>
<p>[/vc_column_text][/vc_column_inner][vc_column_inner width=»1/3&#8243;][vc_column_text css_animation=»fadeInRight»]<iframe loading="lazy" style="border: 0;" src="https://www.google.com/maps/embed?pb=!1m14!1m8!1m3!1d11714.352920762682!2d-1.6343933!3d42.775913!3m2!1i1024!2i768!4f13.1!3m3!1m2!1s0x0%3A0xd898781d819c9796!2sCer%C3%A1micas+Navagres!5e0!3m2!1ses!2ses!4v1544633121345" allowfullscreen="allowfullscreen" width="100%" height="230" frameborder="0"></iframe>[/vc_column_text][/vc_column_inner][/vc_row_inner][/vc_column][/vc_row]</p>
<!-- AddThis Advanced Settings generic via filter on the_content --><!-- AddThis Share Buttons generic via filter on the_content -->

<p>[vc_row][vc_column][vc_empty_space][/vc_column][/vc_row][vc_row full_width=»stretch_row_content_no_spaces»][vc_column][vc_row_inner][vc_column_inner width=»1/3&#8243;][vc_single_image image=»6170&#8243; img_size=»full» css_animation=»fadeInLeft»][/vc_column_inner][vc_column_inner width=»1/3&#8243; css=».vc_custom_1544634224135{padding-right: 15px !important;padding-left: 15px !important;}»][vc_column_text css_animation=»fadeIn»] EXPOSICIÓN NAVARRA &#8211; NOÁIN NOÁIN Pol. Talluntxe&#8230;<!-- AddThis Advanced Settings generic via filter on get_the_excerpt --><!-- AddThis Share Buttons generic via filter on get_the_excerpt --></p>
